late the remainder when 6458381 is divided by 3229189.
3
Calculate the remainder when 47722 is divided by 1598.
1380
What is the remainder when 90874 is divided by 338?
290
What is the remainder when 81382 is divided by 1624?
182
What is the remainder when 485782 is divided by 143?
11
Calculate the remainder when 13512067 is divided by 2409.
2395
What is the remainder when 1176915 is divided by 2935?
2915
What is the remainder when 9369195 is divided by 377?
368
What is the remainder when 8118874 is divided by 2706278?
40
What is the remainder when 10269409 is divided by 1061?
1051
Calculate the remainder when 2255 is divided by 1090.
75
Calculate the remainder when 92290311 is divided by 16413.
12
What is the remainder when 64901 is divided by 6483?
71
What is the remainder when 4570033 is divided by 507780?
13
What is the remainder when 24188 is divided by 23912?
276
What is the remainder when 18849 is divided by 1710?
39
What is the remainder when 48681 is divided by 5905?
1441
Calculate the remainder when 6666718 is divided by 736.
30
What is the remainder when 32907120 is divided by 353840?
0
What is the remainder when 22704852 is divided by 192414?
0
What is the remainder when 35687 is divided by 1991?
1840
What is the remainder when 25708 is divided by 4368?
3868
Calculate the remainder when 17089340 is divided by 1580.
60
Calculate the remainder when 33534 is divided by 3698.
252
Calculate the remainder when 234441 is divided by 15618.
171
What is the remainder when 225105 is divided by 6758?
2091
What is the remainder when 1678591 is divided by 342?
55
What is the remainder when 85269 is divided by 1356?
1197
What is the remainder when 268923862 is divided by 11?
9
What is the remainder when 55844 is divided by 300?
44
What is the remainder when 402539804 is divided by 8578?
8576
What is the remainder when 2681388 is divided by 191526?
24
What is the remainder when 38434462 is divided by 72?
70
What is the remainder when 13001613 is divided by 531?
78
What is the remainder when 216794339 is divided by 2988?
2987
What is the remainder when 2102281 is divided by 14?
13
Calculate the remainder when 732913 is divided by 20937.
118
What is the remainder when 15547 is divided by 598?
597
Calculate the remainder when 45852625 is divided by 99248.
49
What is the remainder when 42600 is divided by 2477?
491
Calculate the remainder when 35137 is divided by 126.
109
Calculate the remainder when 14514598 is divided by 85.
83
What is the remainder when 593569 is divided by 274?
85
What is the remainder when 1849834 is divided by 1001?
987
What is the remainder when 64433 is divided by 52?
5
What is the remainder when 8791677 is divided by 2930500?
177
Calculate the remainder when 14637 is divided by 1543.
750
What is the remainder when 6950827 is divided by 46965?
7
Calculate the remainder when 5129467 is divided by 1961.
1452
Calculate the remainder when 76309202 is divided by 7.
4
What is the remainder when 3186736 is divided by 796683?
4
Calculate the remainder when 634700301 is divided by 211566765.
6
Calculate the remainder when 50520205 is divided by 14484.
13
What is the remainder when 63063 is divided by 4841?
130
What is the remainder when 4172877 is divided by 1844?
1749
Calculate the remainder when 272498 is divided by 127.
83
Calculate the remainder when 5585212 is divided by 637.
633
Calculate the remainder when 23834486 is divided by 8.
6
What is the remainder when 154892290 is divided by 15?
10
What is the remainder when 716476698 is divided by 4450?
4448
What is the remainder when 6313024 is divided by 85311?
10
Calculate the remainder when 16675941 is divided by 238.
233
What is the remainder when 940355 is divided by 313436?
47
What is the remainder when 16435641 is divided by 1693?
1690
Calculate the remainder when 160017 is divided by 26549.
723
Calculate the remainder when 12048814 is divided by 312.
310
What is the remainder when 62903 is divided by 870?
263
Calculate the remainder when 26404822 is divided by 8.
6
What is the remainder when 5773159 is divided by 16?
7
Calculate the remainder when 951216 is divided by 2233.
2191
Calculate the remainder when 9517139 is divided by 307004.
15
What is the remainder when 16899 is divided by 40?
19
Calculate the remainder when 24534703 is divided by 1833.
1831
What is the remainder when 524868 is divided by 273?
162
What is the remainder when 39911 is divided by 3622?
69
Calculate the remainder when 7412319 is divided by 2033.
1
Calculate the remainder when 21053773 is divided by 269920.
13
Calculate the remainder when 1310870 is divided by 1310839.
31
Calculate the remainder when 402191 is divided by 3070.
21
Calculate the remainder when 519480 is divided by 449.
436
Calculate the remainder when 22349714 is divided by 132.
2
What is the remainder when 1833269 is divided by 639?
617
What is the remainder when 189362 is divided by 60?
2
What is the remainder when 385503 is divided by 55064?
55
What is the remainder when 11195702 is divided by 1116?
1106
Calculate the remainder when 1036767 is divided by 172790.
27
Calculate the remainder when 20297832 is divided by 1483.
11
Calculate the remainder when 1538579 is divided by 7123.
11
Calculate the remainder when 20964 is divided by 1047.
24
What is the remainder when 3174419 is divided by 20480?
19
What is the remainder when 12239403 is divided by 142?
139
Calculate the remainder when 3948601 is divided by 219358.
157
Calculate the remainder when 180028 is divided by 4035.
2488
What is the remainder when 3056814 is divided by 20654?
22
What is the remainder when 425883 is divided by 141950?
33
Calculate the remainder when 25317714 is divided by 32.
18
What is the remainder when 878688 is divided by 19?
14
Calculate the remainder when 750228 is divided by 149924.
608
What is the remainder when 3594648 is divided by 13564?
188
What is the remainder when 487373541 is divided by 2856?
2853
What is the remainder when 163033 is divided by 1647?
1627
Calculate the remainder when 1337856 is divided by 31852.
72
What is the remainder when 1128378 is divided by 1157?
303
What is the remainder when 39732 is divided by 39101?
631
Calculate the remainder when 229198196 is divided by 4620.
4616
Calculate the remainder when 229756 is divided by 1552.
60
What is the remainder when 369972147 is divided by 14?
13
What is the remainder when 655865 is divided by 2401?
392
What is the remainder when 1624129 is divided by 62466?
13
What is the remainder when 7680091 is divided by 698189?
12
Calculate the remainder when 43463 is divided by 20775.
1913
What is the remainder when 647899 is divided by 22272?
2011
What is the remainder when 29492107 is divided by 22275?
7
Calculate the remainder when 2471808 is divided by 27.
12
Calculate the remainder when 656293 is divided by 713.
333
Calculate the remainder when 719149 is divided by 13568.
45
What is the remainder when 4361263 is divided by 1453740?
43
What is the remainder when 1164236 is divided by 2160?
2156
Calculate the remainder when 465485 is divided by 1049.
778
What is the remainder when 7553495 is divided by 100712?
95
What is the remainder when 16419070 is divided by 1482?
1474
Calculate the remainder when 3858792 is divided by 35079.
102
What is the remainder when 504398 is divided by 263?
227
Calculate the remainder when 6368372 is divided by 4441.
4419
What is the remainder when 300260537 is divided by 4163?
4162
Calculate the remainder when 3314217 is divided by 57.
9
What is the remainder when 6390145 is divided by 17?
15
Calculate the remainder when 41566 is divided by 548.
466
What is the remainder when 15656463 is divided by 8?
7
Calculate the remainder when 4392567973 is divided by 409.
407
What is the remainder when 69043 is divided by 8600?
243
What is the remainder when 303687 is divided by 321?
21
Calculate the remainder when 16262489 is divided by 2042.
1
Calculate the remainder when 169166 is divided by 42092.
798
What is the remainder when 13839279 is divided by 2767854?
9
What is the remainder when 1255323 is divided by 418433?
24
What is the remainder when 20638727 is divided by 9?
8
Calculate the remainder when 194582 is divided by 32353.
464
What is the remainder when 1415